{"id":439,"date":"2025-12-11T18:11:56","date_gmt":"2025-12-11T18:11:56","guid":{"rendered":"https:\/\/e-kart.com.ar\/v3\/?page_id=439"},"modified":"2026-02-25T11:45:34","modified_gmt":"2026-02-25T14:45:34","slug":"reglamentos-2025","status":"publish","type":"page","link":"https:\/\/e-kart.com.ar\/?page_id=439","title":{"rendered":"REGLAMENTOS 2026"},"content":{"rendered":"<table border=\"0\" width=\"100%\" cellspacing=\"0\" cellpadding=\"0\">\n<tbody>\n<tr>\n<td colspan=\"3\" bgcolor=\"#000000\" height=\"1\"><\/td>\n<\/tr>\n<p><!-- Deportivo --><\/p>\n<tr>\n<td align=\"center\" valign=\"middle\" width=\"5%\" height=\"40\">\n  <svg xmlns=\"http:\/\/www.w3.org\/2000\/svg\" width=\"10\" height=\"16\" viewBox=\"0 0 24 24\"\n       fill=\"none\" stroke=\"#ff7a00\" stroke-width=\"3\"\n       stroke-linecap=\"round\" stroke-linejoin=\"round\">\n    <polyline points=\"9 18 15 12 9 6\"><\/polyline>\n  <\/svg>\n<\/td>\n<td valign=\"middle\" width=\"85%\" height=\"40\">Deportivo General (RAK)<\/td>\n<td align=\"center\" width=\"10%\" height=\"40\" valign=\"middle\">\n  <a href=\"https:\/\/e-kart.com.ar\/contenido\/iame\/docs\/2026_Regl_Arg_Kart.pdf\"\n     target=\"_blank\" rel=\"noopener\" title=\"Descargar reglamento\" class=\"icono-tabla\"><br \/>\n    <svg xmlns=\"http:\/\/www.w3.org\/2000\/svg\" width=\"17\" height=\"18\" viewBox=\"0 0 24 24\"\n         fill=\"none\" stroke=\"black\" stroke-width=\"2\" stroke-linecap=\"round\" stroke-linejoin=\"round\">\n      <path d=\"M21 15v4a2 2 0 0 1-2 2H5a2 2 0 0 1-2-2v-4\"><\/path>\n      <polyline points=\"7 10 12 15 17 10\"><\/polyline>\n      <line x1=\"12\" y1=\"15\" x2=\"12\" y2=\"3\"><\/line>\n    <\/svg><br \/>\n  <\/a>\n<\/td>\n<\/tr>\n<tr>\n<td colspan=\"3\" bgcolor=\"#000000\" height=\"1\"><\/td>\n<\/tr>\n<p><!-- Deportivo --><\/p>\n<tr>\n<td align=\"center\" valign=\"middle\" width=\"5%\" height=\"40\">\n  <svg xmlns=\"http:\/\/www.w3.org\/2000\/svg\" width=\"10\" height=\"16\" viewBox=\"0 0 24 24\"\n       fill=\"none\" stroke=\"#ff7a00\" stroke-width=\"3\"\n       stroke-linecap=\"round\" stroke-linejoin=\"round\">\n    <polyline points=\"9 18 15 12 9 6\"><\/polyline>\n  <\/svg>\n<\/td>\n<td valign=\"middle\" width=\"85%\" height=\"40\">Deportivo IAME (RAD)<\/td>\n<td align=\"center\" width=\"10%\" height=\"40\" valign=\"middle\">\n  <a href=\"https:\/\/e-kart.com.ar\/contenido\/iame\/docs\/2026_Regl_Dep.pdf\"\n     target=\"_blank\" rel=\"noopener\" title=\"Descargar reglamento\" class=\"icono-tabla\"><br \/>\n    <svg xmlns=\"http:\/\/www.w3.org\/2000\/svg\" width=\"17\" height=\"18\" viewBox=\"0 0 24 24\"\n         fill=\"none\" stroke=\"black\" stroke-width=\"2\" stroke-linecap=\"round\" stroke-linejoin=\"round\">\n      <path d=\"M21 15v4a2 2 0 0 1-2 2H5a2 2 0 0 1-2-2v-4\"><\/path>\n      <polyline points=\"7 10 12 15 17 10\"><\/polyline>\n      <line x1=\"12\" y1=\"15\" x2=\"12\" y2=\"3\"><\/line>\n    <\/svg><br \/>\n  <\/a>\n<\/td>\n<\/tr>\n<tr>\n<td colspan=\"3\" bgcolor=\"#000000\" height=\"1\"><\/td>\n<\/tr>\n<p><!-- T\u00e9cnico --><\/p>\n<tr>\n<td align=\"center\" valign=\"middle\" width=\"5%\" height=\"40\">\n  <svg xmlns=\"http:\/\/www.w3.org\/2000\/svg\" width=\"10\" height=\"16\" viewBox=\"0 0 24 24\"\n       fill=\"none\" stroke=\"#ff7a00\" stroke-width=\"3\"\n       stroke-linecap=\"round\" stroke-linejoin=\"round\">\n    <polyline points=\"9 18 15 12 9 6\"><\/polyline>\n  <\/svg>\n<\/td>\n<td valign=\"middle\" width=\"85%\" height=\"40\">T\u00e9cnico 60 Mini y 60 Under<\/td>\n<td align=\"center\" width=\"10%\" height=\"40\" valign=\"middle\">\n  <a href=\"https:\/\/e-kart.com.ar\/contenido\/iame\/docs\/2026_Regl_Tec_60Mini.pdf\"\n     target=\"_blank\" rel=\"noopener\" title=\"Descargar reglamento\" class=\"icono-tabla\"><br \/>\n    <svg xmlns=\"http:\/\/www.w3.org\/2000\/svg\" width=\"17\" height=\"18\" viewBox=\"0 0 24 24\"\n         fill=\"none\" stroke=\"black\" stroke-width=\"2\" stroke-linecap=\"round\" stroke-linejoin=\"round\">\n      <path d=\"M21 15v4a2 2 0 0 1-2 2H5a2 2 0 0 1-2-2v-4\"><\/path>\n      <polyline points=\"7 10 12 15 17 10\"><\/polyline>\n      <line x1=\"12\" y1=\"15\" x2=\"12\" y2=\"3\"><\/line>\n    <\/svg><br \/>\n  <\/a>\n<\/td>\n<\/tr>\n<tr>\n<td colspan=\"3\" bgcolor=\"#000000\" height=\"1\"><\/td>\n<\/tr>\n<p><!-- T\u00e9cnico --><\/p>\n<tr>\n<td align=\"center\" valign=\"middle\" width=\"5%\" height=\"40\">\n  <svg xmlns=\"http:\/\/www.w3.org\/2000\/svg\" width=\"10\" height=\"16\" viewBox=\"0 0 24 24\"\n       fill=\"none\" stroke=\"#ff7a00\" stroke-width=\"3\"\n       stroke-linecap=\"round\" stroke-linejoin=\"round\">\n    <polyline points=\"9 18 15 12 9 6\"><\/polyline>\n  <\/svg>\n<\/td>\n<td valign=\"middle\" width=\"85%\" height=\"40\">T\u00e9cnico OKN y OKN Junior<\/td>\n<td align=\"center\" width=\"10%\" height=\"40\" valign=\"middle\">\n  <a href=\"https:\/\/e-kart.com.ar\/contenido\/iame\/docs\/2026_Regl_Tec_OKN_y_OKNJr.pdf\"\n     target=\"_blank\" rel=\"noopener\" title=\"Descargar reglamento\" class=\"icono-tabla\"><br \/>\n    <svg xmlns=\"http:\/\/www.w3.org\/2000\/svg\" width=\"17\" height=\"18\" viewBox=\"0 0 24 24\"\n         fill=\"none\" stroke=\"black\" stroke-width=\"2\" stroke-linecap=\"round\" stroke-linejoin=\"round\">\n      <path d=\"M21 15v4a2 2 0 0 1-2 2H5a2 2 0 0 1-2-2v-4\"><\/path>\n      <polyline points=\"7 10 12 15 17 10\"><\/polyline>\n      <line x1=\"12\" y1=\"15\" x2=\"12\" y2=\"3\"><\/line>\n    <\/svg><br \/>\n  <\/a>\n<\/td>\n<\/tr>\n<tr>\n<td colspan=\"3\" bgcolor=\"#000000\" height=\"1\"><\/td>\n<\/tr>\n<p><!-- T\u00e9cnico --><\/p>\n<tr>\n<td align=\"center\" valign=\"middle\" width=\"5%\" height=\"40\">\n  <svg xmlns=\"http:\/\/www.w3.org\/2000\/svg\" width=\"10\" height=\"16\" viewBox=\"0 0 24 24\"\n       fill=\"none\" stroke=\"#ff7a00\" stroke-width=\"3\"\n       stroke-linecap=\"round\" stroke-linejoin=\"round\">\n    <polyline points=\"9 18 15 12 9 6\"><\/polyline>\n  <\/svg>\n<\/td>\n<td valign=\"middle\" width=\"85%\" height=\"40\">T\u00e9cnico Old School Junior<\/td>\n<td align=\"center\" width=\"10%\" height=\"40\" valign=\"middle\">\n  <a href=\"https:\/\/e-kart.com.ar\/contenido\/iame\/docs\/2026_Regl_Tec_OldSchoolJ.pdf\"\n     target=\"_blank\" rel=\"noopener\" title=\"Descargar reglamento\" class=\"icono-tabla\"><br \/>\n    <svg xmlns=\"http:\/\/www.w3.org\/2000\/svg\" width=\"17\" height=\"18\" viewBox=\"0 0 24 24\"\n         fill=\"none\" stroke=\"black\" stroke-width=\"2\" stroke-linecap=\"round\" stroke-linejoin=\"round\">\n      <path d=\"M21 15v4a2 2 0 0 1-2 2H5a2 2 0 0 1-2-2v-4\"><\/path>\n      <polyline points=\"7 10 12 15 17 10\"><\/polyline>\n      <line x1=\"12\" y1=\"15\" x2=\"12\" y2=\"3\"><\/line>\n    <\/svg><br \/>\n  <\/a>\n<\/td>\n<\/tr>\n<tr>\n<td colspan=\"3\" bgcolor=\"#000000\" height=\"1\"><\/td>\n<\/tr>\n<p><!-- T\u00e9cnico --><\/p>\n<tr>\n<td align=\"center\" valign=\"middle\" width=\"5%\" height=\"40\">\n  <svg xmlns=\"http:\/\/www.w3.org\/2000\/svg\" width=\"10\" height=\"16\" viewBox=\"0 0 24 24\"\n       fill=\"none\" stroke=\"#ff7a00\" stroke-width=\"3\"\n       stroke-linecap=\"round\" stroke-linejoin=\"round\">\n    <polyline points=\"9 18 15 12 9 6\"><\/polyline>\n  <\/svg>\n<\/td>\n<td valign=\"middle\" width=\"85%\" height=\"40\">T\u00e9cnico Old School Senior<\/td>\n<td align=\"center\" width=\"10%\" height=\"40\" valign=\"middle\">\n  <a href=\"https:\/\/e-kart.com.ar\/contenido\/iame\/docs\/2026_Regl_Tec_OldSchoolS.pdf\"\n     target=\"_blank\" rel=\"noopener\" title=\"Descargar reglamento\" class=\"icono-tabla\"><br \/>\n    <svg xmlns=\"http:\/\/www.w3.org\/2000\/svg\" width=\"17\" height=\"18\" viewBox=\"0 0 24 24\"\n         fill=\"none\" stroke=\"black\" stroke-width=\"2\" stroke-linecap=\"round\" stroke-linejoin=\"round\">\n      <path d=\"M21 15v4a2 2 0 0 1-2 2H5a2 2 0 0 1-2-2v-4\"><\/path>\n      <polyline points=\"7 10 12 15 17 10\"><\/polyline>\n      <line x1=\"12\" y1=\"15\" x2=\"12\" y2=\"3\"><\/line>\n    <\/svg><br \/>\n  <\/a>\n<\/td>\n<\/tr>\n<tr>\n<td colspan=\"3\" bgcolor=\"#000000\" height=\"1\"><\/td>\n<\/tr>\n<p><!-- T\u00e9cnico --><\/p>\n<tr>\n<td align=\"center\" valign=\"middle\" width=\"5%\" height=\"40\">\n  <svg xmlns=\"http:\/\/www.w3.org\/2000\/svg\" width=\"10\" height=\"16\" viewBox=\"0 0 24 24\"\n       fill=\"none\" stroke=\"#ff7a00\" stroke-width=\"3\"\n       stroke-linecap=\"round\" stroke-linejoin=\"round\">\n    <polyline points=\"9 18 15 12 9 6\"><\/polyline>\n  <\/svg>\n<\/td>\n<td valign=\"middle\" width=\"85%\" height=\"40\">T\u00e9cnico Old School Master \/ Gentleman<\/td>\n<td align=\"center\" width=\"10%\" height=\"40\" valign=\"middle\">\n  <a href=\"https:\/\/e-kart.com.ar\/contenido\/iame\/docs\/2026_Regl_Tec_OldSchoolM.pdf\"\n     target=\"_blank\" rel=\"noopener\" title=\"Descargar reglamento\" class=\"icono-tabla\"><br \/>\n    <svg xmlns=\"http:\/\/www.w3.org\/2000\/svg\" width=\"17\" height=\"18\" viewBox=\"0 0 24 24\"\n         fill=\"none\" stroke=\"black\" stroke-width=\"2\" stroke-linecap=\"round\" stroke-linejoin=\"round\">\n      <path d=\"M21 15v4a2 2 0 0 1-2 2H5a2 2 0 0 1-2-2v-4\"><\/path>\n      <polyline points=\"7 10 12 15 17 10\"><\/polyline>\n      <line x1=\"12\" y1=\"15\" x2=\"12\" y2=\"3\"><\/line>\n    <\/svg><br \/>\n  <\/a>\n<\/td>\n<\/tr>\n<tr>\n<td colspan=\"3\" bgcolor=\"#000000\" height=\"1\"><\/td>\n<\/tr>\n<p><!-- T\u00e9cnico --><\/p>\n<tr>\n<td align=\"center\" valign=\"middle\" width=\"5%\" height=\"40\">\n  <svg xmlns=\"http:\/\/www.w3.org\/2000\/svg\" width=\"10\" height=\"16\" viewBox=\"0 0 24 24\"\n       fill=\"none\" stroke=\"#ff7a00\" stroke-width=\"3\"\n       stroke-linecap=\"round\" stroke-linejoin=\"round\">\n    <polyline points=\"9 18 15 12 9 6\"><\/polyline>\n  <\/svg>\n<\/td>\n<td valign=\"middle\" width=\"85%\" height=\"40\">T\u00e9cnico Honda Senior Pro 390<\/td>\n<td align=\"center\" width=\"10%\" height=\"40\" valign=\"middle\">\n  <a href=\"https:\/\/e-kart.com.ar\/contenido\/iame\/docs\/2026_Regl_Tec_Honda_Senior_Pro_390.pdf\"\n     target=\"_blank\" rel=\"noopener\" title=\"Descargar reglamento\" class=\"icono-tabla\"><br \/>\n    <svg xmlns=\"http:\/\/www.w3.org\/2000\/svg\" width=\"17\" height=\"18\" viewBox=\"0 0 24 24\"\n         fill=\"none\" stroke=\"black\" stroke-width=\"2\" stroke-linecap=\"round\" stroke-linejoin=\"round\">\n      <path d=\"M21 15v4a2 2 0 0 1-2 2H5a2 2 0 0 1-2-2v-4\"><\/path>\n      <polyline points=\"7 10 12 15 17 10\"><\/polyline>\n      <line x1=\"12\" y1=\"15\" x2=\"12\" y2=\"3\"><\/line>\n    <\/svg><br \/>\n  <\/a>\n<\/td>\n<\/tr>\n<tr>\n<td colspan=\"3\" bgcolor=\"#000000\" height=\"1\"><\/td>\n<\/tr>\n<\/tbody>\n<\/table>\n","protected":false},"excerpt":{"rendered":"<p>Deportivo General (RAK) Deportivo IAME (RAD) T\u00e9cnico 60 Mini y 60 Under T\u00e9cnico OKN y OKN Junior T\u00e9cnico Old School Junior T\u00e9cnico Old School Senior T\u00e9cnico Old School Master \/&hellip; <\/p>\n","protected":false},"author":1,"featured_media":0,"parent":84,"menu_order":0,"comment_status":"closed","ping_status":"closed","template":"","meta":{"footnotes":""},"class_list":["post-439","page","type-page","status-publish","hentry"],"_links":{"self":[{"href":"https:\/\/e-kart.com.ar\/index.php?rest_route=\/wp\/v2\/pages\/439","targetHints":{"allow":["GET"]}}],"collection":[{"href":"https:\/\/e-kart.com.ar\/index.php?rest_route=\/wp\/v2\/pages"}],"about":[{"href":"https:\/\/e-kart.com.ar\/index.php?rest_route=\/wp\/v2\/types\/page"}],"author":[{"embeddable":true,"href":"https:\/\/e-kart.com.ar\/index.php?rest_route=\/wp\/v2\/users\/1"}],"replies":[{"embeddable":true,"href":"https:\/\/e-kart.com.ar\/index.php?rest_route=%2Fwp%2Fv2%2Fcomments&post=439"}],"version-history":[{"count":10,"href":"https:\/\/e-kart.com.ar\/index.php?rest_route=\/wp\/v2\/pages\/439\/revisions"}],"predecessor-version":[{"id":42683,"href":"https:\/\/e-kart.com.ar\/index.php?rest_route=\/wp\/v2\/pages\/439\/revisions\/42683"}],"up":[{"embeddable":true,"href":"https:\/\/e-kart.com.ar\/index.php?rest_route=\/wp\/v2\/pages\/84"}],"wp:attachment":[{"href":"https:\/\/e-kart.com.ar\/index.php?rest_route=%2Fwp%2Fv2%2Fmedia&parent=439"}],"curies":[{"name":"wp","href":"https:\/\/api.w.org\/{rel}","templated":true}]}}